 prime factors of 28293454.
2, 7, 2020961
List the prime factors of 83363453.
491, 169783
What are the prime factors of 505377083?
109, 811, 5717
List the prime factors of 314975596.
2, 13, 71, 85313
What are the prime factors of 5298518?
2, 349, 7591
List the prime factors of 581126851.
109, 5331439
What are the prime factors of 6987854409?
3, 19, 73, 421, 3989
What are the prime factors of 1812242074?
2, 29, 47, 664799
List the prime factors of 420020735.
5, 71, 1183157
What are the prime factors of 248222696?
2, 283, 109639
What are the prime factors of 19237421?
7, 17, 161659
What are the prime factors of 52615323?
3, 17, 343891
What are the prime factors of 230132165?
5, 5861, 7853
What are the prime factors of 2769546510?
2, 3, 5, 31, 331, 2999
List the prime factors of 37111470.
2, 3, 5, 11, 112459
List the prime factors of 3080774643.
3, 13313, 77137
What are the prime factors of 3931486609?
3931486609
What are the prime factors of 209323069?
23, 9101003
What are the prime factors of 782337823?
53, 3671, 4021
What are the prime factors of 33598265?
5, 31, 43, 71
What are the prime factors of 204813857?
797, 256981
List the prime factors of 45579036.
2, 3, 89, 42677
What are the prime factors of 58907813?
157, 375209
List the prime factors of 334564861.
599, 558539
What are the prime factors of 2637749768?
2, 329718721
List the prime factors of 73102736.
2, 7, 29, 71, 317
What are the prime factors of 3412026228?
2, 3, 13, 2341, 9343
What are the prime factors of 76446716?
2, 19111679
List the prime factors of 986235305.
5, 11, 1630141
List the prime factors of 250984409.
13, 19306493
What are the prime factors of 226089031?
7, 32298433
List the prime factors of 30969916.
2, 71, 109049
What are the prime factors of 5446055884?
2, 1361513971
What are the prime factors of 4492222733?
653, 6879361
List the prime factors of 517331692.
2, 17, 563, 13513
List the prime factors of 229138139.
229138139
What are the prime factors of 4407754629?
3, 1469251543
What are the prime factors of 24925816?
2, 3115727
List the prime factors of 384725946.
2, 3, 11, 17, 19, 18047
List the prime factors of 1948078241.
17483, 111427
What are the prime factors of 29433956?
2, 29, 253741
What are the prime factors of 1240564709?
8423, 147283
What are the prime factors of 60375823?
17, 37, 95987
List the prime factors of 115735440.
2, 3, 5, 482231
What are the prime factors of 130695784?
2, 83, 196831
List the prime factors of 199105877.
2113, 94229
List the prime factors of 8823643221.
3, 2941214407
List the prime factors of 176222468.
2, 44055617
What are the prime factors of 116763901?
116763901
List the prime factors of 182818782.
2, 3, 17, 66383
What are the prime factors of 173517791?
173517791
What are the prime factors of 6282508?
2, 461, 3407
List the prime factors of 174217516.
2, 11, 1033, 3833
What are the prime factors of 2933402810?
2, 5, 13, 41, 43, 12799
What are the prime factors of 119341?
131, 911
What are the prime factors of 11600776?
2, 11, 241, 547
List the prime factors of 582976909.
41, 883, 16103
List the prime factors of 154738929.
3, 257, 200699
List the prime factors of 278124454.
2, 17, 653, 12527
What are the prime factors of 2323962053?
7, 47427797
What are the prime factors of 112117675?
5, 379, 11833
List the prime factors of 183888654.
2, 3, 30648109
List the prime factors of 3095787630.
2, 3, 5, 13, 137, 4457
List the prime factors of 49270159.
29, 1698971
What are the prime factors of 20752194?
2, 3, 79, 43781
What are the prime factors of 6246514991?
8707, 717413
List the prime factors of 1204605315.
3, 5, 26769007
List the prime factors of 18511498.
2, 9255749
List the prime factors of 212815040.
2, 5, 665047
List the prime factors of 2349867576.
2, 3, 7, 59, 237073
What are the prime factors of 82677009?
3, 2939, 9377
What are the prime factors of 780335737?
780335737
What are the prime factors of 603965652?
2, 3, 37, 1360283
List the prime factors of 572217395.
5, 19, 37, 173, 941
List the prime factors of 618942443.
7, 17, 23, 101, 2239
What are the prime factors of 454323926?
2, 7, 107, 303287
List the prime factors of 712577405.
5, 142515481
What are the prime factors of 223706296?
2, 11, 43, 59119
What are the prime factors of 294346372?
2, 73586593
List the prime factors of 7657278.
2, 3, 1276213
List the prime factors of 101877476.
2, 25469369
What are the prime factors of 346010062?
2, 173005031
List the prime factors of 1332351454.
2, 7, 97, 140159
What are the prime factors of 224416188?
2, 3, 2111, 2953
List the prime factors of 79255270.
2, 5, 19, 417133
What are the prime factors of 1632667633?
21613, 75541
List the prime factors of 35519549.
13, 2732273
List the prime factors of 1289949987.
3, 17, 53, 477229
What are the prime factors of 465852720?
2, 3, 5, 47, 41299
What are the prime factors of 25673896?
2, 157, 20441
List the prime factors of 906286497.
3, 302095499
List the prime factors of 30939051.
3, 11, 13, 41, 1759
List the prime factors of 122467989.
3, 7, 719, 8111
What are the prime factors of 2693100151?
7, 127, 3029359
List the prime factors of 71257841.
23, 1439, 2153
What are the prime factors of 575397591?
3, 10771, 17807
List the prime factors of 134554515.
3, 5, 59, 152039
What are the prime factors of 88800852?
2, 3, 7, 479, 2207
List the prime factors of 176782499.
2143, 82493
List the prime factors of 1042257732.
2, 3, 86854811
What are the prime factors of 6172576604?
2, 383, 4029097
What are the prime factors of 53080234?
2, 26540117
List the prime factors of 6224794291.
29, 41, 5235319
What are the prime factors of 364738237?
364738237
List the prime factors of 388234249.
13, 4903, 6091
What are the prime factors of 1862318382?
2, 3, 311, 998027
List the prime factors of 74522734.
2, 11, 13, 260569
What are the prime factors of 22580721?
3, 19, 44017
List the prime factors of 2030615591.
15077, 134683
List the prime factors of 1947956458.
2, 7, 17, 8184691
List the prime factors of 4819269454.
2, 2409634727
What are the prime factors of 991919766?
2, 3, 73, 2264657
List the prime factors of 1138362583.
811, 1403653
List the prime factors of 7098389671.
7098389671
List the prime factors of 181250961.
3, 60416987
List the prime factors of 1131155593.
1131155593
List the prime factors of 13702351.
13, 89, 911
List the prime factors of 974079381.
3, 11, 487, 60611
List the prime factors of 6799191967.
4937, 1377191
What are the prime factors of 8474081?
7, 11, 167, 659
List the prime factors of 118171305.
3, 5, 7, 73, 571
List the prime factors of 113458627.
107, 1060361
List the prime factors of 4923036150.
2, 3, 5, 23, 47, 97, 313
List the prime factors of 248576401.
15017, 16553
What are the prime factors of 108841415?
5, 167, 130349
What are the prime factors of 4215958810?
2, 5, 7, 29, 113, 18379
What are the prime factors of 365308163?
11, 2713, 12241
What are the prime factors of 126046888?
2, 11, 1432351
List the prime factors of 344710326.
2, 3, 17, 3379513
List the prime factors of 6458602833.
3, 109, 6583693
What are the prime factors of 50054202?
2, 3, 11, 73, 3463
List the prime factors of 39137265.
3, 5, 869717
List the prime factors of 631068224.
2, 197, 50053
List the prime factors of 1988291531.
67, 3623, 8191
List the prime factors of 369612746.
2, 8123, 22751
What are the prime factors of 1704232857?
3, 568077619
List the prime factors of 1317704920.
2, 5, 7, 61, 179, 431
List the prime factors of 41424202.
2, 47, 440683
List the prime factors of 3957471475.
5, 97, 457, 3571
List the prime factors of 370167495.
3, 5, 409, 60337
List the prime factors of 1711174874.
2, 855587437
What are the prime factors of 2049726683?
2049726683
What are the prime factors of 1080660039?
3, 79, 151, 30197
What are the prime factors of 825956658?
2, 3, 45886481
List the prime factors of 39809601.
3, 13, 59, 73, 79
What are the prime factors of 2173461699?
3, 19, 3719, 10253
What are the prime factors of 218557443?
3, 13, 5604037
What are the prime factors of 253755695?
5, 50751139
List the prime factors of 61667329.
1223, 50423
List the prime factors of 2885970867.
3, 13, 71, 1042243
What are the prime factors of 128968305?
3, 5, 71, 83, 1459
List the prime factors of 24293942.
2, 1